{"id":376,"date":"2021-11-30T21:54:10","date_gmt":"2021-11-30T19:54:10","guid":{"rendered":"http:\/\/delphin-duisburg.de\/?page_id=376"},"modified":"2022-09-01T22:01:53","modified_gmt":"2022-09-01T21:01:53","slug":"vereinmeisterschaft-2021","status":"publish","type":"page","link":"https:\/\/delphin-duisburg.de\/?page_id=376","title":{"rendered":"Vereinsmeisterschaft 2021"},"content":{"rendered":"\n<h2 class=\"wp-block-heading\">Unsere Vereinsmeisterschaft 2021<\/h2>\n\n\n\n<p>Unsere diesj\u00e4hrige Vereinsmeisterschaft fand am 27.11.2021 statt.<\/p>\n\n\n\n<p>Am Start waren leider nur 9 Spieler, da doch einige Mitglieder nicht teilnehmen konnten.<\/p>\n\n\n\n<h3 class=\"wp-block-heading\">Teilnehmerfeld<\/h3>\n\n\n\n<figure class=\"wp-block-image size-large\"><img loading=\"lazy\" decoding=\"async\" width=\"1024\" height=\"769\" src=\"http:\/\/delphin-duisburg.de\/wp-content\/uploads\/2021\/11\/vm2021_teilnehmer-1024x769.jpg\" alt=\"\" class=\"wp-image-374\" srcset=\"https:\/\/delphin-duisburg.de\/wp-content\/uploads\/2021\/11\/vm2021_teilnehmer-1024x769.jpg 1024w, https:\/\/delphin-duisburg.de\/wp-content\/uploads\/2021\/11\/vm2021_teilnehmer-300x225.jpg 300w, https:\/\/delphin-duisburg.de\/wp-content\/uploads\/2021\/11\/vm2021_teilnehmer-768x577.jpg 768w, https:\/\/delphin-duisburg.de\/wp-content\/uploads\/2021\/11\/vm2021_teilnehmer-1536x1153.jpg 1536w, https:\/\/delphin-duisburg.de\/wp-content\/uploads\/2021\/11\/vm2021_teilnehmer-2048x1538.jpg 2048w\" sizes=\"auto, (max-width: 1024px) 100vw, 1024px\" \/><\/figure>\n\n\n\n<div style=\"height:50px\" aria-hidden=\"true\" class=\"wp-block-spacer\"><\/div>\n\n\n\n<h3 class=\"wp-block-heading\">Platzierung<\/h3>\n\n\n\n<figure class=\"wp-block-image size-full\"><img loading=\"lazy\" decoding=\"async\" width=\"774\" height=\"512\" src=\"http:\/\/delphin-duisburg.de\/wp-content\/uploads\/2021\/11\/vm2021_podium.png\" alt=\"\" class=\"wp-image-375\" srcset=\"https:\/\/delphin-duisburg.de\/wp-content\/uploads\/2021\/11\/vm2021_podium.png 774w, https:\/\/delphin-duisburg.de\/wp-content\/uploads\/2021\/11\/vm2021_podium-300x198.png 300w, https:\/\/delphin-duisburg.de\/wp-content\/uploads\/2021\/11\/vm2021_podium-768x508.png 768w\" sizes=\"auto, (max-width: 774px) 100vw, 774px\" \/><\/figure>\n\n\n\n<p>von links: Andreas Gerigk, Michael Wicht, Frank Anton<\/p>\n\n\n\n<div style=\"height:50px\" aria-hidden=\"true\" class=\"wp-block-spacer\"><\/div>\n\n\n\n<h3 class=\"wp-block-heading\">Ergebnisse<\/h3>\n\n\n\n<figure class=\"wp-block-table is-style-stripes\"><table><tbody><tr><td><strong>Spieler<\/strong><\/td><td class=\"has-text-align-center\" data-align=\"center\"><strong>Michael Wicht<\/strong><\/td><td class=\"has-text-align-center\" data-align=\"center\"><strong>Andreas Gerigk<\/strong><\/td><td class=\"has-text-align-center\" data-align=\"center\"><strong>Frank Anton<\/strong><\/td><td class=\"has-text-align-center\" data-align=\"center\"><strong>Peter L\u00f6ffler<\/strong><\/td><td class=\"has-text-align-center\" data-align=\"center\"><strong>Thomas Winkler<\/strong><\/td><td class=\"has-text-align-center\" data-align=\"center\"><strong>Claus M\u00fcller<\/strong><\/td><td class=\"has-text-align-center\" data-align=\"center\"><strong>Michael Ihde<\/strong><\/td><td class=\"has-text-align-center\" data-align=\"center\"><strong>Willi Handick<\/strong><\/td><td class=\"has-text-align-center\" data-align=\"center\"><strong>Harald Lehmann<\/strong><\/td><\/tr><tr><td>Spiel 1<\/td><td class=\"has-text-align-center\" data-align=\"center\">188<\/td><td class=\"has-text-align-center\" data-align=\"center\">203<\/td><td class=\"has-text-align-center\" data-align=\"center\">183<\/td><td class=\"has-text-align-center\" data-align=\"center\">224<\/td><td class=\"has-text-align-center\" data-align=\"center\">200<\/td><td class=\"has-text-align-center\" data-align=\"center\">162<\/td><td class=\"has-text-align-center\" data-align=\"center\">181<\/td><td class=\"has-text-align-center\" data-align=\"center\">141<\/td><td class=\"has-text-align-center\" data-align=\"center\">160<\/td><\/tr><tr><td>Spiel 2<\/td><td class=\"has-text-align-center\" data-align=\"center\">185<\/td><td class=\"has-text-align-center\" data-align=\"center\">194<\/td><td class=\"has-text-align-center\" data-align=\"center\">200<\/td><td class=\"has-text-align-center\" data-align=\"center\">204<\/td><td class=\"has-text-align-center\" data-align=\"center\">161<\/td><td class=\"has-text-align-center\" data-align=\"center\">203<\/td><td class=\"has-text-align-center\" data-align=\"center\">221<\/td><td class=\"has-text-align-center\" data-align=\"center\">164<\/td><td class=\"has-text-align-center\" data-align=\"center\">119<\/td><\/tr><tr><td>Spiel 3<\/td><td class=\"has-text-align-center\" data-align=\"center\">214<\/td><td class=\"has-text-align-center\" data-align=\"center\">216<\/td><td class=\"has-text-align-center\" data-align=\"center\">197<\/td><td class=\"has-text-align-center\" data-align=\"center\">165<\/td><td class=\"has-text-align-center\" data-align=\"center\">168<\/td><td class=\"has-text-align-center\" data-align=\"center\">162<\/td><td class=\"has-text-align-center\" data-align=\"center\">153<\/td><td class=\"has-text-align-center\" data-align=\"center\">159<\/td><td class=\"has-text-align-center\" data-align=\"center\">155<\/td><\/tr><tr><td>Spiel 4<\/td><td class=\"has-text-align-center\" data-align=\"center\">218<\/td><td class=\"has-text-align-center\" data-align=\"center\">170<\/td><td class=\"has-text-align-center\" data-align=\"center\">156<\/td><td class=\"has-text-align-center\" data-align=\"center\">151<\/td><td class=\"has-text-align-center\" data-align=\"center\">169<\/td><td class=\"has-text-align-center\" data-align=\"center\">204<\/td><td class=\"has-text-align-center\" data-align=\"center\">139<\/td><td class=\"has-text-align-center\" data-align=\"center\">141<\/td><td class=\"has-text-align-center\" data-align=\"center\">140<\/td><\/tr><tr><td>Spiel 5<\/td><td class=\"has-text-align-center\" data-align=\"center\">191<\/td><td class=\"has-text-align-center\" data-align=\"center\">193<\/td><td class=\"has-text-align-center\" data-align=\"center\">149<\/td><td class=\"has-text-align-center\" data-align=\"center\">145<\/td><td class=\"has-text-align-center\" data-align=\"center\">163<\/td><td class=\"has-text-align-center\" data-align=\"center\">138<\/td><td class=\"has-text-align-center\" data-align=\"center\">149<\/td><td class=\"has-text-align-center\" data-align=\"center\">163<\/td><td class=\"has-text-align-center\" data-align=\"center\">142<\/td><\/tr><tr><td><strong>HDC<\/strong><\/td><td class=\"has-text-align-center\" data-align=\"center\"><strong>15<\/strong><\/td><td class=\"has-text-align-center\" data-align=\"center\"><strong>40<\/strong><\/td><td class=\"has-text-align-center\" data-align=\"center\"><strong>45<\/strong><\/td><td class=\"has-text-align-center\" data-align=\"center\"><strong>40<\/strong><\/td><td class=\"has-text-align-center\" data-align=\"center\"><strong>45<\/strong><\/td><td class=\"has-text-align-center\" data-align=\"center\"><strong>20<\/strong><\/td><td class=\"has-text-align-center\" data-align=\"center\"><strong>40<\/strong><\/td><td class=\"has-text-align-center\" data-align=\"center\"><strong>55<\/strong><\/td><td class=\"has-text-align-center\" data-align=\"center\"><strong>100<\/strong><\/td><\/tr><tr><td><strong><span class=\"has-inline-color has-vivid-red-color\">Gesamt<\/span><\/strong><\/td><td class=\"has-text-align-center\" data-align=\"center\"><strong><span class=\"has-inline-color has-vivid-red-color\">1011<\/span><\/strong><\/td><td class=\"has-text-align-center\" data-align=\"center\"><strong><span class=\"has-inline-color has-vivid-red-color\">1016<\/span><\/strong><\/td><td class=\"has-text-align-center\" data-align=\"center\"><strong><span class=\"has-inline-color has-vivid-red-color\">930<\/span><\/strong><\/td><td class=\"has-text-align-center\" data-align=\"center\"><strong><span class=\"has-inline-color has-vivid-red-color\">929<\/span><\/strong><\/td><td class=\"has-text-align-center\" data-align=\"center\"><strong><span class=\"has-inline-color has-vivid-red-color\">906<\/span><\/strong><\/td><td class=\"has-text-align-center\" data-align=\"center\"><span class=\"has-inline-color has-vivid-red-color\"><strong>889<\/strong><\/span><\/td><td class=\"has-text-align-center\" data-align=\"center\"><strong><span class=\"has-inline-color has-vivid-red-color\">883<\/span><\/strong><\/td><td class=\"has-text-align-center\" data-align=\"center\"><strong><span class=\"has-inline-color has-vivid-red-color\">823<\/span><\/strong><\/td><td class=\"has-text-align-center\" data-align=\"center\"><strong><span class=\"has-inline-color has-vivid-red-color\">816<\/span><\/strong><\/td><\/tr><tr><td>Spiel 6<\/td><td class=\"has-text-align-center\" data-align=\"center\">171<\/td><td class=\"has-text-align-center\" data-align=\"center\">178<\/td><td class=\"has-text-align-center\" data-align=\"center\">177<\/td><td class=\"has-text-align-center\" data-align=\"center\">203<\/td><td class=\"has-text-align-center\" data-align=\"center\">&nbsp;<\/td><td class=\"has-text-align-center\" data-align=\"center\">&nbsp;<\/td><td class=\"has-text-align-center\" data-align=\"center\">&nbsp;<\/td><td class=\"has-text-align-center\" data-align=\"center\">&nbsp;<\/td><td class=\"has-text-align-center\" data-align=\"center\">&nbsp;<\/td><\/tr><tr><td>Spiel 7<\/td><td class=\"has-text-align-center\" data-align=\"center\">193<\/td><td class=\"has-text-align-center\" data-align=\"center\">173<\/td><td class=\"has-text-align-center\" data-align=\"center\">243<\/td><td class=\"has-text-align-center\" data-align=\"center\">144<\/td><td class=\"has-text-align-center\" data-align=\"center\">&nbsp;<\/td><td class=\"has-text-align-center\" data-align=\"center\">&nbsp;<\/td><td class=\"has-text-align-center\" data-align=\"center\">&nbsp;<\/td><td class=\"has-text-align-center\" data-align=\"center\">&nbsp;<\/td><td class=\"has-text-align-center\" data-align=\"center\">&nbsp;<\/td><\/tr><tr><td><strong>HDC<\/strong><\/td><td class=\"has-text-align-center\" data-align=\"center\"><strong>6<\/strong><\/td><td class=\"has-text-align-center\" data-align=\"center\"><strong>16<\/strong><\/td><td class=\"has-text-align-center\" data-align=\"center\"><strong>18<\/strong><\/td><td class=\"has-text-align-center\" data-align=\"center\"><strong>16<\/strong><\/td><td class=\"has-text-align-center\" data-align=\"center\">&nbsp;<\/td><td class=\"has-text-align-center\" data-align=\"center\">&nbsp;<\/td><td class=\"has-text-align-center\" data-align=\"center\">&nbsp;<\/td><td class=\"has-text-align-center\" data-align=\"center\">&nbsp;<\/td><td class=\"has-text-align-center\" data-align=\"center\">&nbsp;<\/td><\/tr><tr><td><strong><span class=\"has-inline-color has-vivid-red-color\">Gesamt<\/span><\/strong><\/td><td class=\"has-text-align-center\" data-align=\"center\"><strong><span class=\"has-inline-color has-vivid-red-color\">1381<\/span><\/strong><\/td><td class=\"has-text-align-center\" data-align=\"center\"><strong><span class=\"has-inline-color has-vivid-red-color\">1383<\/span><\/strong><\/td><td class=\"has-text-align-center\" data-align=\"center\"><strong><span class=\"has-inline-color has-vivid-red-color\">1368<\/span><\/strong><\/td><td class=\"has-text-align-center\" data-align=\"center\"><strong><span class=\"has-inline-color has-vivid-red-color\">1292<\/span><\/strong><\/td><td class=\"has-text-align-center\" data-align=\"center\">&nbsp;<\/td><td class=\"has-text-align-center\" data-align=\"center\">&nbsp;<\/td><td class=\"has-text-align-center\" data-align=\"center\">&nbsp;<\/td><td class=\"has-text-align-center\" data-align=\"center\">&nbsp;<\/td><td class=\"has-text-align-center\" data-align=\"center\">&nbsp;<\/td><\/tr><tr><td>Spiel 8<\/td><td class=\"has-text-align-center\" data-align=\"center\">223<\/td><td class=\"has-text-align-center\" data-align=\"center\">167<\/td><td class=\"has-text-align-center\" data-align=\"center\">&nbsp;<\/td><td class=\"has-text-align-center\" data-align=\"center\">&nbsp;<\/td><td class=\"has-text-align-center\" data-align=\"center\">&nbsp;<\/td><td class=\"has-text-align-center\" data-align=\"center\">&nbsp;<\/td><td class=\"has-text-align-center\" data-align=\"center\">&nbsp;<\/td><td class=\"has-text-align-center\" data-align=\"center\">&nbsp;<\/td><td class=\"has-text-align-center\" data-align=\"center\">&nbsp;<\/td><\/tr><tr><td>Spiel 9<\/td><td class=\"has-text-align-center\" data-align=\"center\">223<\/td><td class=\"has-text-align-center\" data-align=\"center\">189<\/td><td class=\"has-text-align-center\" data-align=\"center\">&nbsp;<\/td><td class=\"has-text-align-center\" data-align=\"center\">&nbsp;<\/td><td class=\"has-text-align-center\" data-align=\"center\">&nbsp;<\/td><td class=\"has-text-align-center\" data-align=\"center\">&nbsp;<\/td><td class=\"has-text-align-center\" data-align=\"center\">&nbsp;<\/td><td class=\"has-text-align-center\" data-align=\"center\">&nbsp;<\/td><td class=\"has-text-align-center\" data-align=\"center\">&nbsp;<\/td><\/tr><tr><td><strong>HDC<\/strong><\/td><td class=\"has-text-align-center\" data-align=\"center\"><strong>6<\/strong><\/td><td class=\"has-text-align-center\" data-align=\"center\"><strong>16<\/strong><\/td><td class=\"has-text-align-center\" data-align=\"center\">&nbsp;<\/td><td class=\"has-text-align-center\" data-align=\"center\">&nbsp;<\/td><td class=\"has-text-align-center\" data-align=\"center\">&nbsp;<\/td><td class=\"has-text-align-center\" data-align=\"center\">&nbsp;<\/td><td class=\"has-text-align-center\" data-align=\"center\">&nbsp;<\/td><td class=\"has-text-align-center\" data-align=\"center\">&nbsp;<\/td><td class=\"has-text-align-center\" data-align=\"center\">&nbsp;<\/td><\/tr><tr><td><strong><span class=\"has-inline-color has-vivid-red-color\">Gesamt<\/span><\/strong><\/td><td class=\"has-text-align-center\" data-align=\"center\"><strong><span class=\"has-inline-color has-vivid-red-color\">1833<\/span><\/strong><\/td><td class=\"has-text-align-center\" data-align=\"center\"><strong><span class=\"has-inline-color has-vivid-red-color\">1755<\/span><\/strong><\/td><td class=\"has-text-align-center\" data-align=\"center\">&nbsp;<\/td><td class=\"has-text-align-center\" data-align=\"center\">&nbsp;<\/td><td class=\"has-text-align-center\" data-align=\"center\">&nbsp;<\/td><td class=\"has-text-align-center\" data-align=\"center\">&nbsp;<\/td><td class=\"has-text-align-center\" data-align=\"center\">&nbsp;<\/td><td class=\"has-text-align-center\" data-align=\"center\">&nbsp;<\/td><td class=\"has-text-align-center\" data-align=\"center\">&nbsp;<\/td><\/tr><\/tbody><\/table><\/figure>\n\n\n\n<div style=\"height:25px\" aria-hidden=\"true\" class=\"wp-block-spacer\"><\/div>\n\n\n\n<figure class=\"wp-block-table is-style-stripes\"><table class=\"has-fixed-layout\"><tbody><tr><td class=\"has-text-align-center\" data-align=\"center\"><strong>Rang<\/strong><\/td><td><strong>Name<\/strong><\/td><td><strong>Vorname<\/strong><\/td><td class=\"has-text-align-center\" data-align=\"center\"><strong>Scratch<\/strong><\/td><td class=\"has-text-align-center\" data-align=\"center\"><strong>Schnitt<\/strong><\/td><td class=\"has-text-align-center\" data-align=\"center\"><strong>Total<\/strong><\/td><td class=\"has-text-align-center\" data-align=\"center\"><strong>Schnitt<\/strong><\/td><\/tr><tr><td class=\"has-text-align-center\" data-align=\"center\">1<\/td><td>Wicht<\/td><td>Michael<\/td><td class=\"has-text-align-center\" data-align=\"center\">1806<\/td><td class=\"has-text-align-center\" data-align=\"center\">200,67<\/td><td class=\"has-text-align-center\" data-align=\"center\">1833<\/td><td class=\"has-text-align-center\" data-align=\"center\">203,67<\/td><\/tr><tr><td class=\"has-text-align-center\" data-align=\"center\">2<\/td><td>Gerigk<\/td><td>Andreas<\/td><td class=\"has-text-align-center\" data-align=\"center\">1683<\/td><td class=\"has-text-align-center\" data-align=\"center\">187,00<\/td><td class=\"has-text-align-center\" data-align=\"center\">1755<\/td><td class=\"has-text-align-center\" data-align=\"center\">195,00<\/td><\/tr><tr><td class=\"has-text-align-center\" data-align=\"center\">3<\/td><td>Anton<\/td><td>Frank<\/td><td class=\"has-text-align-center\" data-align=\"center\">1305<\/td><td class=\"has-text-align-center\" data-align=\"center\">186,43<\/td><td class=\"has-text-align-center\" data-align=\"center\">1368<\/td><td class=\"has-text-align-center\" data-align=\"center\">195,43<\/td><\/tr><tr><td class=\"has-text-align-center\" data-align=\"center\">4<\/td><td>L\u00f6ffler<\/td><td>Peter<\/td><td class=\"has-text-align-center\" data-align=\"center\">1236<\/td><td class=\"has-text-align-center\" data-align=\"center\">176,57<\/td><td class=\"has-text-align-center\" data-align=\"center\">1292<\/td><td class=\"has-text-align-center\" data-align=\"center\">184,57<\/td><\/tr><tr><td class=\"has-text-align-center\" data-align=\"center\">5<\/td><td>Winkler<\/td><td>Thomas<\/td><td class=\"has-text-align-center\" data-align=\"center\">861<\/td><td class=\"has-text-align-center\" data-align=\"center\">172,20<\/td><td class=\"has-text-align-center\" data-align=\"center\">906<\/td><td class=\"has-text-align-center\" data-align=\"center\">181,20<\/td><\/tr><tr><td class=\"has-text-align-center\" data-align=\"center\">6<\/td><td>M\u00fcller<\/td><td>Claus<\/td><td class=\"has-text-align-center\" data-align=\"center\">869<\/td><td class=\"has-text-align-center\" data-align=\"center\">173,80<\/td><td class=\"has-text-align-center\" data-align=\"center\">889<\/td><td class=\"has-text-align-center\" data-align=\"center\">177,80<\/td><\/tr><tr><td class=\"has-text-align-center\" data-align=\"center\">7<\/td><td>Ihde<\/td><td>Michael<\/td><td class=\"has-text-align-center\" data-align=\"center\">843<\/td><td class=\"has-text-align-center\" data-align=\"center\">168,60<\/td><td class=\"has-text-align-center\" data-align=\"center\">883<\/td><td class=\"has-text-align-center\" data-align=\"center\">176,60<\/td><\/tr><tr><td class=\"has-text-align-center\" data-align=\"center\">8<\/td><td>Handick<\/td><td>Willi<\/td><td class=\"has-text-align-center\" data-align=\"center\">768<\/td><td class=\"has-text-align-center\" data-align=\"center\">153,60<\/td><td class=\"has-text-align-center\" data-align=\"center\">823<\/td><td class=\"has-text-align-center\" data-align=\"center\">164,60<\/td><\/tr><tr><td class=\"has-text-align-center\" data-align=\"center\">9<\/td><td>Lehmann<\/td><td>Harald<\/td><td class=\"has-text-align-center\" data-align=\"center\">716<\/td><td class=\"has-text-align-center\" data-align=\"center\">143,20<\/td><td class=\"has-text-align-center\" data-align=\"center\">816<\/td><td class=\"has-text-align-center\" data-align=\"center\">163,20<\/td><\/tr><\/tbody><\/table><\/figure>\n\n\n\n<div style=\"height:50px\" aria-hidden=\"true\" class=\"wp-block-spacer\"><\/div>\n\n\n\n<h3 class=\"wp-block-heading\">Bericht<\/h3>\n\n\n\n<p>Die Vereinsmeisterschaft haben wir wieder im bewerten Modus ausgetragen. Nach 5 Spiele in der Vorrunde erreichten Andreas (1016), Michael (1011), Anton (930) und Peter (929) die Zwischenrunde erreichen. Die Zwischenrunde verlief spannend und es sah immer wieder so aus, als k\u00f6nnte sich die Platzierung noch verschieben. Anton hat in den 2 Spielen viele Pins aufholen k\u00f6nnen, aber am Ende fehlten 13 Pins zum Finale. Hier konnten dann doch Andreas (1383) und Michael (1381) ihre F\u00fchrungspositionen behaupten und zogen ins Finale. Im Finale konnte Michael mit zweimal 223 einen Vorsprung erspielen, was ihm letztlich den Titel \u201eVereinsmeister Saison 2021\/2022\u201c einbrachte.<\/p>\n\n\n\n<p>Herzlichen Gl\u00fcckwunsch nochmal an alle Platzierten.<\/p>\n\n\n\n<p><\/p>\n","protected":false},"excerpt":{"rendered":"<p>Unsere Vereinsmeisterschaft 2021 Unsere diesj\u00e4hrige Vereinsmeisterschaft fand am 27.11.2021 statt. Am Start waren leider nur 9 Spieler, da doch einige Mitglieder nicht teilnehmen konnten. Teilnehmerfeld Platzierung von links: Andreas Gerigk, Michael Wicht, Frank Anton Ergebnisse Spieler Michael Wicht Andreas Gerigk Frank Anton Peter L\u00f6ffler Thomas Winkler Claus M\u00fcller Michael Ihde Willi Handick Harald Lehmann Spiel [&hellip;]<\/p>\n","protected":false},"author":1,"featured_media":0,"parent":0,"menu_order":0,"comment_status":"closed","ping_status":"closed","template":"","meta":{"ngg_post_thumbnail":0,"footnotes":""},"categories":[],"tags":[],"folder":[],"class_list":["post-376","page","type-page","status-publish","hentry"],"featured_image_src":null,"_links":{"self":[{"href":"https:\/\/delphin-duisburg.de\/index.php?rest_route=\/wp\/v2\/pages\/376","targetHints":{"allow":["GET"]}}],"collection":[{"href":"https:\/\/delphin-duisburg.de\/index.php?rest_route=\/wp\/v2\/pages"}],"about":[{"href":"https:\/\/delphin-duisburg.de\/index.php?rest_route=\/wp\/v2\/types\/page"}],"author":[{"embeddable":true,"href":"https:\/\/delphin-duisburg.de\/index.php?rest_route=\/wp\/v2\/users\/1"}],"replies":[{"embeddable":true,"href":"https:\/\/delphin-duisburg.de\/index.php?rest_route=%2Fwp%2Fv2%2Fcomments&post=376"}],"version-history":[{"count":34,"href":"https:\/\/delphin-duisburg.de\/index.php?rest_route=\/wp\/v2\/pages\/376\/revisions"}],"predecessor-version":[{"id":802,"href":"https:\/\/delphin-duisburg.de\/index.php?rest_route=\/wp\/v2\/pages\/376\/revisions\/802"}],"wp:attachment":[{"href":"https:\/\/delphin-duisburg.de\/index.php?rest_route=%2Fwp%2Fv2%2Fmedia&parent=376"}],"wp:term":[{"taxonomy":"category","embeddable":true,"href":"https:\/\/delphin-duisburg.de\/index.php?rest_route=%2Fwp%2Fv2%2Fcategories&post=376"},{"taxonomy":"post_tag","embeddable":true,"href":"https:\/\/delphin-duisburg.de\/index.php?rest_route=%2Fwp%2Fv2%2Ftags&post=376"},{"taxonomy":"folder","embeddable":true,"href":"https:\/\/delphin-duisburg.de\/index.php?rest_route=%2Fwp%2Fv2%2Ffolder&post=376"}],"curies":[{"name":"wp","href":"https:\/\/api.w.org\/{rel}","templated":true}]}}